prime factors of o(6)?
2, 11
Let n = 8 + -6. Suppose -5*r + 20 = 2*b, -4*r + 4 = 3*b - 3*r. Suppose -n*d = -b*d - 10. List the prime factors of d.
5
Let v(s) = -12*s**3 - 2*s**2 - s - 1. Let m be v(-2). Suppose -5*x - 14 = -5*f - m, -4*x = 3*f + 10. List the prime factors of (-2 + -3)*28/f.
2, 7
Let o = -3 + 8. Suppose 47 = o*t + 187. Let h = t + 47. What are the prime factors of h?
19
Let z = 154 - 85. Let v = -99 + z. Let f = -18 - v. What are the prime factors of f?
2, 3
Let v = 45 - 32. List the prime factors of 1/3*6*v.
2, 13
Let w = -8 + 8. Suppose -4*u - 3*h = -u - 42, -4*u - 2*h + 48 = w. What are the prime factors of u?
2, 5
Let y = -5 + 8. Suppose 2 = -4*q + 6, -11 = y*w + q. What are the prime factors of 24/2 - (-8)/w?
2, 5
Suppose 13*g - 852 = 10*g. What are the prime factors of g?
2, 71
Let x(c) = c - 5. Let r be x(6). Let a = r - 8. List the prime factors of (-2)/a + (-204)/(-21).
2, 5
Let d(g) = -g**2 + 10*g + 14. List the prime factors of d(10).
2, 7
Suppose -4*u + q = -333, -7*q - 102 = -u - 3*q. Let j = u - 45. What are the prime factors of j?
37
Suppose t - 3*t + 170 = 0. Suppose -s = -5, 2*o - t = -3*o - 5*s. What are the prime factors of o?
2, 3
Suppose -3*d = -2*m + 28, d + 2*d = m - 20. Suppose -p + 32 = m. Let j = p - 14. What are the prime factors of j?
2, 5
Suppose -2 = -u + 3*u, 4*u = 3*n - 94. List the prime factors of n.
2, 3, 5
Let y(w) = 2*w**3 + w**2 - w + 1. Let s be y(1). List the prime factors of 7*(6/(-3) + s).
7
Let g(m) = m**3 - 7*m**2 + 6*m + 3. Let n be g(6). Let a be 2 - 4/((-4)/n). Let i = a + 7. What are the prime factors of i?
2, 3
Let i = -427 + 604. List the prime factors of i.
3, 59
Let b = -4 - 0. Let t be (3 - 1)/((-2)/9). Let s = b - t. What are the prime factors of s?
5
Let i be (-4)/22 - (-92)/22. Suppose 0 = -i*n - 0*n + 16. Suppose 2*m - 30 + n = 0. What are the prime factors of m?
13
Let n be (-24)/9 - (-4)/6. Let t = 4 - n. List the prime factors of t.
2, 3
Let c(m) be the second derivative of m**4/12 + 7*m**3/6 - m. List the prime factors of c(-8).
2
Suppose 0 = -0*y - 5*y + 5. Let w = 2 - -1. What are the prime factors of (w/6)/(y/24)?
2, 3
Let f(q) = -q**3 - 10*q**2 + q + 13. Let w be f(-10). Let v be 10/5 - (w + -1). Suppose 0 = -k - 5*a - 1, 0 = 3*a - v*a + 9. List the prime factors of k.
2, 7
Suppose 6 = 11*y - 368. What are the prime factors of y?
2, 17
Let l = 0 - 3. Let r(i) = 2*i**2 + i + 1. List the prime factors of r(l).
2
Let s = 12 - 6. What are the prime factors of 108/3*4/s?
2, 3
Suppose -3*p - 2*p + 4*r + 533 = 0, -p + 3*r + 111 = 0. List the prime factors of p.
3, 5, 7
Let k = -64 + 100. What are the prime factors of k?
2, 3
Let a = -29 + 52. List the prime factors of a.
23
Suppose 7*q = 4*q. Suppose -3*h + q*h = -30. List the prime factors of h.
2, 5
Let i be -1 - (-16 + (0 - 2)). Let k(p) = p**3 - p**2 - 5*p - 3. Let j be k(4). Let c = j - i. What are the prime factors of c?
2
Let g(p) = -p**2 - 6*p + 6. Let x be (-2 + 2 - 1) + 13. Suppose 4*u = -x - 8. List the prime factors of g(u).
11
What are the prime factors of (434/(-6) + 2)*(5 - 8)?
211
Let f(m) = 3*m + 6. Let x be f(-5). List the prime factors of 4/(-6) - 87/x.
3
Suppose -5*y + 2*g + 17 = -0*y, -5*y + 5*g + 5 = 0. Let v be (0 - (-3 - 1)) + 0. Suppose v + y = b. List the prime factors of b.
3
Let y be (-2 - 4)*(-1)/3. Let f(p) = 7 - p**3 - 3 + 2 - 6*p**y. What are the prime factors of f(-6)?
2, 3
Suppose -130 - 158 = -4*c. List the prime factors of c.
2, 3
Let h(z) = 5*z**3 - z**2. Let k be h(1). Let b = 105 - 191. List the prime factors of 1/k - b/8.
11
Let q = 15 + -11. Let g = q - 1. Suppose 41 = -g*o + 98. What are the prime factors of o?
19
Suppose 0 = 3*j + 3*x - 1266, 2*x - 591 = 4*j - 2261. List the prime factors of j.
419
Let v = 34 + -23. Suppose 5*d = 19 + v. List the prime factors of d.
2, 3
Suppose -u + 1 = -2*u. Let w(s) = -20*s**3. What are the prime factors of w(u)?
2, 5
Let b(l) = -l**2 - 5*l + 2. Suppose 2*s - 6*s - 2*w = 32, 0 = s + 2*w + 14. Let j be b(s). What are the prime factors of (4 - 6)*10/j?
5
Let k(z) be the second derivative of z**3/6 + 3*z**2/2 - z. Let n(m) = m**2 - 2*m - 3. Let y be n(4). List the prime factors of k(y).
2
Suppose 0 = -0*m - 2*m + 4. Suppose 4*f + 4 = 5*n + 20, -m*n - 1 = -f. What are the prime factors of f?
3
Let n(f) = f**3 - 3*f**2 - 4*f + 3. Let h be n(4). Let d be (-6)/(-8) + (-2)/(-8). Let j = h - d. What are the prime factors of j?
2
Suppose -2*m = 5*g - 90, 4*g + 5*m - 75 = -3. Let i = g - 10. What are the prime factors of i?
2
Suppose 34*j - 31*j - 471 = 0. List the prime factors of j.
157
Let w be 71/2 - (-1)/2. Let g be 1/(39/w + -1). Let h = g + -2. What are the prime factors of h?
2, 5
Let h(f) = f + 15. Let u(j) = j - 1. Let z(a) = -h(a) - 3*u(a). Let w be z(-8). Let c = w + -8. List the prime factors of c.
2, 3
Let n(f) = 3*f**2 + f. List the prime factors of n(2).
2, 7
Let s(c) = -3*c + 100. List the prime factors of s(0).
2, 5
Suppose 4*p + 5*i + 18 = 53, -p - i = -10. List the prime factors of p.
3, 5
Suppose -q - 49 = -2*q. Suppose y = 4*p - q, 3*y = 4*p + p - 63. What are the prime factors of (6*1)/(-3) + p?
2, 5
Let n be (-6)/(-12) - 6/(-4). Let w(d) = -6*d - 9 - d**n + 3*d - 5*d. What are the prime factors of w(-6)?
3
Suppose -3*u + 30 = 2*u. Suppose 0*g = g - 8. Let v = g - u. What are the prime factors of v?
2
Let g(p) = p**2 + 4*p - 8. Let i be g(-6). Suppose -5*o - i + 29 = 0. Let l = o - -2. What are the prime factors of l?
7
Let g(y) = y**3 - 9*y**2 + 5*y - 6. Let w be g(8). Let s = -17 - w. List the prime factors of s.
13
What are the prime factors of (-64 + (-12)/3)/(-2)?
2, 17
Suppose -b - 2*c + 2 = -12, 3*c - 13 = -b. What are the prime factors of b?
2
Let o(v) = v**2 + 15*v + 2. Let l be o(-15). Suppose l*j = 5*j - 66. List the prime factors of j.
2, 11
Suppose -102 = -x + 66. List the prime factors of x.
2, 3, 7
Suppose u = 1, 5*f - 92 = -4*u + 77. What are the prime factors of f?
3, 11
Suppose a - 5*q = 6*a + 5, 5*q = 5*a - 45. Suppose -a = -2*v + 6. Suppose -10 = -v*g + 30. List the prime factors of g.
2
Let x = -6 - -9. Suppose -x*c = 1 - 4, -65 = -4*q - c. What are the prime factors of q?
2
Suppose 3*l - 10 = 14. What are the prime factors of l?
2
Let f(g) = 4*g**3 - 3*g**2 + 7*g. List the prime factors of f(3).
2, 3, 17
Let l = 48 + -14. What are the prime factors of l?
2, 17
Let k(z) = 23*z**2 + 12*z + 13. List the prime factors of k(-4).
3, 37
Let g(c) = c**2 - 4*c + 3. Let i be g(4). What are the prime factors of (-9 + 6)*(-20)/i?
2, 5
List the prime factors of (-5)/40 - (-2571)/24.
107
Suppose 2*a = -a - c + 11, 3*c = 4*a - 6. Suppose 0*r + a*r = 12. List the prime factors of r.
2
Suppose 3*x - 11 - 1 = 0. Let l = x + -3. List the prime factors of -2*l/(-3)*3.
2
Let q(r) = r**3 - 7*r**2 + 2*r - 7. Suppose 0*h + 2*h = 0. Suppose h = -4*t - 4*s + 10 + 14, -4*t + 26 = 2*s. What are the prime factors of q(t)?
7
Suppose 114 + 166 = 5*d. Suppose n = 3*n - d. Suppose -4 = 4*m - n. What are the prime factors of m?
2, 3
Let u be (2 + -2)/(0 - 2). Suppose u*l + 3*l + 13 = f, -3*f + l = -31. List the prime factors of f.
2, 5
Let f = 7 + -8. Let g(o) = -44*o. List the prime factors of g(f).
2, 11
Suppose -2*s + 3*d - 2*d = -31, -2*d + 34 = 2*s. What are the prime factors of s?
2
Let v(l) = -l**2 + 3*l + 3. List the prime factors of v(3).
3
List the prime factors of (-5 - -10) + 428/4.
2, 7
Suppose -4*y + 3*u = 4*u - 987, -4*y - 4*u = -972. What are the prime factors of y?
2, 31
List the prime factors of ((-35)/4)/((-3)/12).
5, 7
Let b(j) = 4*j - 4. Let p(d) = -6*d + 6. Let z(l) = 8*b(l) + 5*p(l). Let y be (-2)/5 + (-34)/(-10). What are the prime factors of z(y)?
2
Suppose -u + 4*g = 4*u - 141, 5*u = -5*g + 150. What are the prime factors of u?
29
Suppose -17*c + 15*c + 6 = 0. Let w = 12 + c. What are the prime factors of w?
3, 5
Suppose -98*g + 96*g + 34 = 0. List the prime factors of g.
17
Let c be 1 + 1 + -2 + 2. Suppose 0*v = c*l - v - 77, 2 = 2*v. What are the prime factors of l?
3, 13
Let g = -21 - -25. Suppose g*r + i = 102, -5*i + 6 - 21 = -r. What are the prime factors of r?
5
Let t(i) be the first derivative of -i**2/2 - i + 1. Let v be t(-5). Suppose 0 = 3*g - v*z - 31, -3*z - 4 = -5*z. What are the prime factors of g